[INFO] cloning repository https://github.com/passcod/ttt
[INFO] running `Command { std: "git" "-c" "credential.helper=" "-c" "credential.helper=/workspace/cargo-home/bin/git-credential-null" "clone" "--bare" "https://github.com/passcod/ttt" "/workspace/cache/git-repos/https%3A%2F%2Fgithub.com%2Fpasscod%2Fttt", kill_on_drop: false }`
[INFO] [stderr] Cloning into bare repository '/workspace/cache/git-repos/https%3A%2F%2Fgithub.com%2Fpasscod%2Fttt'...
[INFO] running `Command { std: "git" "rev-parse" "HEAD", kill_on_drop: false }`
[INFO] [stdout] 8e74d04eafcdf3d8e481ebff3b940a8033b86198
[INFO] building passcod/ttt against master#881c1ac408d93bb7adaa3a51dabab9266e82eee8 for issue-85264
[INFO] running `Command { std: "git" "clone" "/workspace/cache/git-repos/https%3A%2F%2Fgithub.com%2Fpasscod%2Fttt" "/workspace/builds/worker-3/source", kill_on_drop: false }`
[INFO] [stderr] Cloning into '/workspace/builds/worker-3/source'...
[INFO] [stderr] done.
[INFO] validating manifest of git repo https://github.com/passcod/ttt on toolchain 881c1ac408d93bb7adaa3a51dabab9266e82eee8
[INFO] running `Command { std: "/workspace/cargo-home/bin/cargo" "+881c1ac408d93bb7adaa3a51dabab9266e82eee8" "metadata" "--manifest-path" "Cargo.toml" "--no-deps", kill_on_drop: false }`
[INFO] started tweaking git repo https://github.com/passcod/ttt
[INFO] finished tweaking git repo https://github.com/passcod/ttt
[INFO] tweaked toml for git repo https://github.com/passcod/ttt written to /workspace/builds/worker-3/source/Cargo.toml
[INFO] crate git repo https://github.com/passcod/ttt already has a lockfile, it will not be regenerated
[INFO] running `Command { std: "/workspace/cargo-home/bin/cargo" "+881c1ac408d93bb7adaa3a51dabab9266e82eee8" "fetch" "--manifest-path" "Cargo.toml", kill_on_drop: false }`
[INFO] [stderr]  Downloading crates ...
[INFO] [stderr]   Downloaded rustc-serialize v0.3.1
[INFO] [stderr]   Downloaded gcc v0.3.1
[INFO] [stderr]   Downloaded time v0.1.19
[INFO] running `Command { std: "docker" "create" "-v" "/var/lib/crater-agent-workspace/builds/worker-3/target:/opt/rustwide/target:rw,Z" "-v" "/var/lib/crater-agent-workspace/builds/worker-3/source:/opt/rustwide/workdir:ro,Z" "-v" "/var/lib/crater-agent-workspace/cargo-home:/opt/rustwide/cargo-home:ro,Z" "-v" "/var/lib/crater-agent-workspace/rustup-home:/opt/rustwide/rustup-home:ro,Z" "-e" "SOURCE_DIR=/opt/rustwide/workdir" "-e" "CARGO_TARGET_DIR=/opt/rustwide/target" "-e" "CARGO_HOME=/opt/rustwide/cargo-home" "-e" "RUSTUP_HOME=/opt/rustwide/rustup-home" "-w" "/opt/rustwide/workdir" "-m" "1610612736" "--user" "0:0" "--network" "none" "ghcr.io/rust-lang/crates-build-env/linux@sha256:20528e8c29e4536546f0102ce88568b16ea7538393a33fcca951030f7af10457" "/opt/rustwide/cargo-home/bin/cargo" "+881c1ac408d93bb7adaa3a51dabab9266e82eee8" "metadata" "--no-deps" "--format-version=1", kill_on_drop: false }`
[INFO] [stderr] WARNING: Your kernel does not support swap limit capabilities or the cgroup is not mounted. Memory limited without swap.
[INFO] [stdout] 0fa50029e444a59ec04020917d4a39cfd988921ca38025a3e354c98cfcfc4ae1
[INFO] running `Command { std: "docker" "start" "-a" "0fa50029e444a59ec04020917d4a39cfd988921ca38025a3e354c98cfcfc4ae1", kill_on_drop: false }`
[INFO] running `Command { std: "docker" "inspect" "0fa50029e444a59ec04020917d4a39cfd988921ca38025a3e354c98cfcfc4ae1", kill_on_drop: false }`
[INFO] running `Command { std: "docker" "rm" "-f" "0fa50029e444a59ec04020917d4a39cfd988921ca38025a3e354c98cfcfc4ae1", kill_on_drop: false }`
[INFO] [stdout] 0fa50029e444a59ec04020917d4a39cfd988921ca38025a3e354c98cfcfc4ae1
[INFO] running `Command { std: "docker" "create" "-v" "/var/lib/crater-agent-workspace/builds/worker-3/target:/opt/rustwide/target:rw,Z" "-v" "/var/lib/crater-agent-workspace/builds/worker-3/source:/opt/rustwide/workdir:ro,Z" "-v" "/var/lib/crater-agent-workspace/cargo-home:/opt/rustwide/cargo-home:ro,Z" "-v" "/var/lib/crater-agent-workspace/rustup-home:/opt/rustwide/rustup-home:ro,Z" "-e" "SOURCE_DIR=/opt/rustwide/workdir" "-e" "CARGO_TARGET_DIR=/opt/rustwide/target" "-e" "CARGO_INCREMENTAL=0" "-e" "RUST_BACKTRACE=full" "-e" "RUSTFLAGS=--cap-lints=forbid" "-e" "CARGO_HOME=/opt/rustwide/cargo-home" "-e" "RUSTUP_HOME=/opt/rustwide/rustup-home" "-w" "/opt/rustwide/workdir" "-m" "1610612736" "--user" "0:0" "--network" "none" "ghcr.io/rust-lang/crates-build-env/linux@sha256:20528e8c29e4536546f0102ce88568b16ea7538393a33fcca951030f7af10457" "/opt/rustwide/cargo-home/bin/cargo" "+881c1ac408d93bb7adaa3a51dabab9266e82eee8" "build" "--frozen" "--message-format=json", kill_on_drop: false }`
[INFO] [stdout] 4e0f68b61b28ada1a54232919a13048a54447f7450a08d2d14181c43f2fd1556
[INFO] [stderr] WARNING: Your kernel does not support swap limit capabilities or the cgroup is not mounted. Memory limited without swap.
[INFO] running `Command { std: "docker" "start" "-a" "4e0f68b61b28ada1a54232919a13048a54447f7450a08d2d14181c43f2fd1556", kill_on_drop: false }`
[INFO] [stderr]    Compiling gcc v0.3.1
[INFO] [stderr]    Compiling libc v0.1.2
[INFO] [stderr]    Compiling rustc-serialize v0.3.1
[INFO] [stdout] error[E0432]: unresolved import `std::path::AsPath`
[INFO] [stdout]   --> /opt/rustwide/cargo-home/registry/src/github.com-1ecc6299db9ec823/gcc-0.3.1/src/lib.rs:50:26
[INFO] [stdout]    |
[INFO] [stdout] 50 | use std::path::{PathBuf, AsPath};
[INFO] [stdout]    |                          ^^^^^^
[INFO] [stdout]    |                          |
[INFO] [stdout]    |                          no `AsPath` in `path`
[INFO] [stdout]    |                          help: a similar name exists in the module: `Path`
[INFO] [stdout] 
[INFO] [stdout] 
[INFO] [stdout] error[E0433]: failed to resolve: could not find `old_io` in `std`
[INFO] [stdout]    --> /opt/rustwide/cargo-home/registry/src/github.com-1ecc6299db9ec823/gcc-0.3.1/src/lib.rs:329:10
[INFO] [stdout]     |
[INFO] [stdout] 329 |     std::old_io::stdio::set_stderr(Box::new(std::old_io::util::NullWriter));
[INFO] [stdout]     |          ^^^^^^ could not find `old_io` in `std`
[INFO] [stdout] 
[INFO] [stdout] 
[INFO] [stdout] error[E0433]: failed to resolve: could not find `old_io` in `std`
[INFO] [stdout]    --> /opt/rustwide/cargo-home/registry/src/github.com-1ecc6299db9ec823/gcc-0.3.1/src/lib.rs:329:50
[INFO] [stdout]     |
[INFO] [stdout] 329 |     std::old_io::stdio::set_stderr(Box::new(std::old_io::util::NullWriter));
[INFO] [stdout]     |                                                  ^^^^^^ could not find `old_io` in `std`
[INFO] [stdout] 
[INFO] [stdout] 
[INFO] [stdout] error[E0425]: cannot find function `set_exit_status` in module `env`
[INFO] [stdout]    --> /opt/rustwide/cargo-home/registry/src/github.com-1ecc6299db9ec823/gcc-0.3.1/src/lib.rs:328:10
[INFO] [stdout]     |
[INFO] [stdout] 328 |     env::set_exit_status(1);
[INFO] [stdout]     |          ^^^^^^^^^^^^^^^ not found in `env`
[INFO] [stdout] 
[INFO] [stdout] 
[INFO] [stdout] error: expected identifier, found `"std"`
[INFO] [stdout]   --> /opt/rustwide/cargo-home/registry/src/github.com-1ecc6299db9ec823/libc-0.1.2/rust/src/liblibc/lib.rs:80:46
[INFO] [stdout]    |
[INFO] [stdout] 80 | #[cfg(feature = "cargo-build")] extern crate "std" as core;
[INFO] [stdout]    |                                              ^^^^^ expected identifier
[INFO] [stdout] 
[INFO] [stdout] 
[INFO] [stdout] error: aborting due to previous error
[INFO] [stdout] 
[INFO] [stdout] 
[INFO] [stdout] error: aborting due to 4 previous errors
[INFO] [stdout] 
[INFO] [stdout] 
[INFO] [stdout] Some errors have detailed explanations: E0425, E0432, E0433.
[INFO] [stdout] 
[INFO] [stdout] For more information about an error, try `rustc --explain E0425`.
[INFO] [stdout] 
[INFO] [stderr] error: could not compile `libc`
[INFO] [stderr] 
[INFO] [stderr] To learn more, run the command again with --verbose.
[INFO] [stderr] warning: build failed, waiting for other jobs to finish...
[INFO] [stdout] error[E0463]: can't find crate for `unicode`
[INFO] [stdout]   --> /opt/rustwide/cargo-home/registry/src/github.com-1ecc6299db9ec823/rustc-serialize-0.3.1/src/lib.rs:23:1
[INFO] [stdout]    |
[INFO] [stdout] 23 | extern crate unicode;
[INFO] [stdout]    | ^^^^^^^^^^^^^^^^^^^^^ can't find crate
[INFO] [stdout] 
[INFO] [stdout] 
[INFO] [stdout] error: aborting due to previous error
[INFO] [stdout] 
[INFO] [stdout] 
[INFO] [stdout] For more information about this error, try `rustc --explain E0463`.
[INFO] [stdout] 
[INFO] [stderr] error: build failed
[INFO] running `Command { std: "docker" "inspect" "4e0f68b61b28ada1a54232919a13048a54447f7450a08d2d14181c43f2fd1556", kill_on_drop: false }`
[INFO] running `Command { std: "docker" "rm" "-f" "4e0f68b61b28ada1a54232919a13048a54447f7450a08d2d14181c43f2fd1556", kill_on_drop: false }`
[INFO] [stdout] 4e0f68b61b28ada1a54232919a13048a54447f7450a08d2d14181c43f2fd1556
